hat is -1b + 773bb?
773a0
In base 12, what is -26 + 168?
142
In base 4, what is -131 + -1032003?
-1032200
In base 10, what is -4 + 595273?
595269
In base 6, what is -4351 - -151?
-4200
In base 11, what is 154 + 292?
436
In base 5, what is 1 + 124240123?
124240124
In base 6, what is 5245 - 20?
5225
In base 16, what is 1b4334 - 2?
1b4332
In base 14, what is -1 + -7279?
-727a
In base 16, what is 1a + 171?
18b
In base 12, what is b2 - 37?
77
In base 9, what is -20526 + -2?
-20528
In base 14, what is 7102 + 13?
7115
In base 11, what is -1606879 - 2?
-1606880
In base 8, what is -4 + -612447?
-612453
In base 6, what is -21234350 - 0?
-21234350
In base 11, what is 14 - -a036?
a04a
In base 15, what is -186e - -22?
-184c
In base 13, what is 51c - 42?
4aa
In base 16, what is -ed - e77?
-f64
In base 6, what is 210 + 1051?
1301
In base 11, what is 729 + 18?
746
In base 2, what is 11010110110 - -10101111001?
110000101111
In base 16, what is 60cca + b?
60cd5
In base 9, what is 4 + -37516?
-37512
In base 3, what is -10112 + 111120222?
111110110
In base 3, what is 22221102221 - -11?
22221110002
In base 13, what is 40867 - 1?
40866
In base 8, what is 1 + -1442?
-1441
In base 5, what is -12010204 + -11?
-12010220
In base 15, what is -6a4 - -b?
-698
In base 10, what is -1 - -656597?
656596
In base 2, what is 1110010100000000010 - -1000?
1110010100000001010
In base 4, what is -10033 + 1200102?
1130003
In base 12, what is -5335 + -2?
-5337
In base 8, what is 0 + 726677?
726677
In base 8, what is -40260 - -4?
-40254
In base 6, what is 2225351 + 1?
2225352
In base 15, what is 27ba + -2d?
278c
In base 9, what is 1485 - 322?
1163
In base 9, what is 271 - 168?
102
In base 3, what is -10 + -100112120001?
-100112120011
In base 11, what is 883 + 5296?
6069
In base 10, what is -2628 - 489?
-3117
In base 13, what is -453 - -403?
-50
In base 2, what is 100100 + 11001111001?
11010011101
In base 14, what is 0 + -d9c51?
-d9c51
In base 12, what is 17b3 + 41?
1834
In base 9, what is -26 + 446?
420
In base 5, what is 104 - -30214?
30323
In base 11, what is 600180 + 1?
600181
In base 4, what is 201333 + 3333?
211332
In base 9, what is 62 + -2783?
-2721
In base 10, what is -125 + 1512?
1387
In base 6, what is 112 + -241233?
-241121
In base 4, what is -2 - -31001120?
31001112
In base 8, what is -5 - 1765473?
-1765500
In base 3, what is -10 - -21000200?
21000120
In base 9, what is -46 + -10376?
-10433
In base 5, what is 213233 + 1130?
214413
In base 8, what is -41 - 1070?
-1131
In base 3, what is 10200201021 + 1?
10200201022
In base 13, what is -1552 + -6?
-1558
In base 16, what is -837 + -9?
-840
In base 4, what is -3022102 + -11?
-3022113
In base 8, what is 1060 - 62?
776
In base 2, what is -1001010 + 1101100?
100010
In base 4, what is 10 - 1130002?
-1123332
In base 11, what is 2a + -296a0?
-29671
In base 14, what is -d8 + -2792?
-288a
In base 11, what is -14910 - -7?
-14904
In base 13, what is -1 + 52789?
52788
In base 12, what is 275 - -966?
101b
In base 8, what is 444 + 1060?
1524
In base 6, what is 104401 - 303?
104054
In base 6, what is -23104 - -13?
-23051
In base 8, what is 11026 + 1037?
12065
In base 10, what is -29 + 22988?
22959
In base 3, what is 1011211020 + 12?
1011211102
In base 6, what is 2102 - 304?
1354
In base 12, what is 90a - a1?
829
In base 5, what is 3 + -100401?
-100343
In base 16, what is 35 + 331?
366
In base 3, what is -11 - -2200102021210?
2200102021122
In base 12, what is -5 + 399b92?
399b89
In base 16, what is -51 - -341?
2f0
In base 16, what is -39 + 59?
20
In base 11, what is 23a295 - 1?
23a294
In base 5, what is -11440122 - -2?
-11440120
In base 2, what is -110010100111101011 - -110?
-110010100111100101
In base 5, what is -11414202 + 2?
-11414200
In base 15, what is -9 - 1144?
-114d
In base 9, what is 224 - -320?
544
In base 7, what is -444 - 156?
-633
In base 11, what is 3a898 + 4?
3a8a1
In base 13, what is 8a6 + 194a?
2523
In base 6, what is 2455 + 31253?
34152
In base 9, what is 124663 - 2?
124661
In base 8, what is -471 + 174?
-275
In base 12, what is 34a + -2?
348
In base 11, what is -106285 + 4?
-106281
In base 15, what is -1c67 - -36?
-1c31
In base 8, what is -1562155 - -2?
-1562153
In base 7, what is -114 + 422?
305
In base 15, what is -6b - -46d?
402
In base 2, what is -110011011100 - -1100100?
-110001111000
In base 7, what is 11624 - 0?
11624
In base 4, what is -30 - -321013?
320323
In base 9, what is -54040 - 5?
-54045
In base 14, what is -1 - -2a60?
2a5d
In base 10, what is -7 - -20998?
20991
In base 4, what is -201 - 1002203?
-1003010
In base 7, what is -1004 + 230?
-444
In base 5, what is 13 - 2012230?
-2012212
In base 9, what is 5 + 232348?
232354
In base 12, what is 43530 + -2?
4352a
In base 4, what is -120211 + 3021?
-111130
In base 9, what is -168 + 1440?
1261
In base 8, what is 1 + -545505?
-545504
In base 12, what is -39b - -1881?
14a2
In base 11, what is 24183 - -3?
24186
In base 14, what is -4 - -42b9?
42b5
In base 8, what is 4411551 - -2?
4411553
In base 16, what is -83e + 1d?
-821
In base 4, what is -11 - 33300?
-33311
In base 6, what is -405422 + -2?
-405424
In base 13, what is 4 + 1ab5?
1ab9
In base 11, what is -4 - 784a?
-7853
In base 16, what is 4838a - 1?
48389
In base 8, what is 1 - -11523?
11524
In base 15, what is -3 + 2642?
263e
In base 8, what is -602716 - 1?
-602717
In base 15, what is -15 + 239e?
2389
In base 10, what is 29518 - -1?
29519
In base 5, what is 3 + 123002324?
123002332
In base 8, what is -2 - 23451?
-23453
In base 2, what is 1010000 - -10001101010000111?
10001101011010111
In base 10, what is -477 + -805?
-1282
In base 3, what is -21010 - -2011?
-11222
In base 10, what is 207 + 854?
1061
In base 2, what is -11 - 1001010011000010101?
-1001010011000011000
In base 11, what is 39 + -5a877?
-5a839
In base 14, what is -ab7a - 1d?
-ab99
In base 3, what is -10 + 2221002101?
2221002021
In base 14, what is -864 - 42?
-8a6
In base 3, what is -112012121 - 10001?
-112022122
In base 16, what is 12 + 38523?
38535
In base 5, what is 0 + -241130?
-241130
In base 10, what is 32 - 110098?
-110066
In base 5, what is -243 - 1002220?
-1003013
In base 4, what is 33122 - 10?
33112
In base 8, what is -1162 - -12?
-1150
In base 15, what is 1d12 + -16?
1ceb
In base 11, what is 358702 - 5?
3586a8
In base 3, what is 1 + -102011220?
-102011212
In base 5, what is -100443404 + 0?
-100443404
In base 2, what is 1001000111100010 - -1101?
1001000111101111
In base 16, what is 2ec9 + 4?
2ecd
In base 14, what is 25629 + 1?
2562a
In base 9, what is -5 - 1135645?
-1135651
In base 11, what is -a1a + -4?
-a23
In base 4, what is 1322 + -11031?
-3103
In base 2, what is -100 - 10110110101101?
-10110110110001
In base 12, what is -6aa087 - 4?
-6aa08b
In base 11, what is -8521a - 2?
-85221
In base 8, what is 3625 + -102?
3523
In base 11, what is -175370 + 2?
-175369
In base 14, what is 786db + 5?
78702
In base 7, what is 5 - 56225?
-56220
In base 2, what is -11001010011 + 1100101?
-10111101110
In base 15, what is -6 - 4a6e1?
-4a6e7
In base 12, what is -2 + -21246?
-21248
In base 16, what is -615 - 2?
-617
In base 5, what is -304413 + 0?
-304413
In base 7, what is 234341421 + 0?
234341421
In base 6, what is -10335120 + -1?
-10335121
In base 8, what is -26 + 40300?
40252
In base 16, what is -2 + 23f4?
23f2
In base 6, what is 5035044 + -4?
5035040
In base 9, what is 12212 + -31?
12171
In base 4, what is 111 - 13033?
-12322
In base 5, what is 2 + -1443143?
-1443141
In base 15, what is 5 - -18485?
1848a
In base 3, what is -211211 + -120?
-212101
In base 14, what is -283 - 31?
-2b4
In base 8, what is 14 + 104306?
104322
In base 16, what is -8c8 - 5?
-8cd
In base 2, what is 100101000100011100 + -100?
100101000100011000
In base 4, what is -1 - 32231333?
-32232000
In base 16, what is 1 + 15786?
15787
In base 9, what is 273 - -6?
280
In base 4, what is -10 - 212232023?
-212232033
In base 14, what is 54 + a5?
119
In base 7, what is 512404 + -16?
512355
In base 7, what is 53 + 555?
641
In base 9, what is 0 + 841?
841
In base 7, what is 23540232 + 2?
23540234
In base 14, what is -1523 + -a4?
-15c7
In base 2, what is 100010110001 - -1000?
100010111001
In base 14, what is -4 - -10545?
10541
In base 4, what is 1213 - -1023211?
1031030
In base 10, what is 226 + 179